23
Let x be (-1)/(60/(-112) + 4/14). Suppose 2360 = x*g - 4*i, 2*i - 1188 = g - 3*g. What are the prime factors of g?
2, 37
Suppose 4*m = j + j - 4108, j - 2019 = -5*m. Suppose -2*t + j = 2*t. List the prime factors of t.
7, 73
Let m(u) = 3*u - 4 - 1 - 3*u + 8*u. Let r be (-15)/(-60) + (-15)/(-4). What are the prime factors of m(r)?
3
Let b(w) = w**2 + 25*w - 92. Let d be b(-22). What are the prime factors of d/4*(-20 + 18)?
79
Suppose 13*c - 44094 = 93732. List the prime factors of c.
2, 3, 19, 31
Suppose -3*b - 10608 = -19*b. What are the prime factors of b?
3, 13, 17
Let y(q) = 2*q - 5 + 0*q - 6*q + q**3 + 4*q**2 - 10*q**2. What are the prime factors of y(8)?
7, 13
Let x = 981 - 526. Suppose 0 = -3*f + 5*w + x + 341, -5 = -5*w. List the prime factors of f.
3, 89
Let s(f) = -1 - 5*f**2 + 2*f**3 - 3*f**3 + 0*f**2 + 7*f + 3*f**3. What are the prime factors of s(6)?
293
Let x be -3 - 98/(-10) - (-4)/20. List the prime factors of 1 - -797 - ((x - 4) + 1).
2, 397
Let d = 275 - 26. Let l = d + -117. What are the prime factors of l?
2, 3, 11
Let g be 399*(-7 + 3)/12. Let t = g - -99. What are the prime factors of 11781/t*(-2)/3?
3, 7, 11
Let h(r) = -43*r + 27. Let n be h(3). Let q = n + 107. Suppose -z + 141 = 3*u, -z + 50 = u + q. What are the prime factors of u?
2, 3
Suppose -388*n = -274*n - 3232242. List the prime factors of n.
3, 13, 727
Let i(p) = -2862*p**3 + 2*p**2 - 30*p - 63. List the prime factors of i(-2).
22901
Suppose 5*w + 2*y = -y - 2, 2*w - 5*y = 24. Let p = -808 + 808. Suppose 0*g - g - 173 = -w*s, p = -2*s - g + 183. List the prime factors of s.
89
Let m = -163 - -165. Let t(a) = 148*a + 6. What are the prime factors of t(m)?
2, 151
Let h(a) = -358*a**3 - a**2 + 2*a + 2. Let q be h(-1). Suppose 8*c - c = q. Let j = -14 + c. List the prime factors of j.
37
List the prime factors of (-6 - 688786/(-70))*30/6.
49169
Suppose 333*h = 319*h + 2940. List the prime factors of h.
2, 3, 5, 7
Suppose -80362 = 22*n - 26*n + 2*d, 60273 = 3*n - d. What are the prime factors of n?
2, 5023
Let p(j) = 7*j**2 + 14*j - 30. Let v be p(13). Suppose -4*r + c = -1507, -4*r - c + v + 182 = 0. What are the prime factors of r?
2, 3, 7
Suppose 5*b + 836 + 139 = 0. Let g = 355 + b. Suppose 0 = 5*h - 200 - g. What are the prime factors of h?
2, 3
Let r(c) = -23*c - 46. Let x(y) = -9*y - 16. Let b(h) = -2*r(h) + 7*x(h). Suppose -2*p + 2 = 16. List the prime factors of b(p).
3, 11
Let p be (0/(-81))/(4*2). Suppose a - c - 164 = p, 0 = 2*a - 5*c - 261 - 76. What are the prime factors of a?
7, 23
Let d(r) = -2*r**2 - 31*r + 2306. Let c(g) = -g**2 - 15*g + 1153. Let y(l) = 7*c(l) - 3*d(l). What are the prime factors of y(0)?
1153
Let i be (1 - 0)*(0 - -2). Suppose 0 = i*m - 5*m + 576. What are the prime factors of ((-6)/8)/(5 + (-962)/m)?
2, 3
Let a be ((-117)/(-3) - -3) + -2. Suppose 0*q = q - a. List the prime factors of (q/25)/(1/95).
2, 19
Suppose 0 = 15*z - 10*z - 10. Suppose -2 = -3*g + 2*f + 2, -4*g + z*f = -6. Suppose 222 = 5*y - g*y. List the prime factors of y.
2, 37
Suppose -2295*d + 2253*d = -1525020. What are the prime factors of d?
2, 5, 3631
Let h(b) = b**2 + 27*b + 13242. List the prime factors of h(0).
2, 3, 2207
Let u(n) = -844*n - 10. Let p be u(-1). List the prime factors of (p/24)/(2/8).
139
Let a(z) = -16*z**3 - 202*z**2 - 36*z + 41. List the prime factors of a(-17).
3, 6961
Suppose 0 = 178*h - 355*h + 11194719. What are the prime factors of h?
63247
Suppose -2*n + n + 40 = -m, -n + 4*m = -52. Let v = n - 31. Suppose -k - 4*x + 69 = 0, 288 = v*k - 0*x + x. List the prime factors of k.
3, 19
Suppose 0 = -12*d + 22681 - 7141. List the prime factors of d.
5, 7, 37
Let y be 1/2 + 21/6. Suppose 0 = y*k - 245 - 139. Suppose 0 = z - 2*f - 34, -2*z - 4*f = -5*z + k. What are the prime factors of z?
2, 7
Let t(v) = -244*v**3 - 4*v**2 - 7*v + 8. What are the prime factors of t(-2)?
2, 11, 89
Suppose 0*n - 8 = -n. Suppose -6*u + n*u - 4 = 0. Suppose c - 66 = -u*c. What are the prime factors of c?
2, 11
Let m = -748 + 749. List the prime factors of (2268/m)/9*(-1 - -5).
2, 3, 7
Let a be 158/((-1)/(-3) - 55/(-33)). Suppose 4*g + i + 29 = 2*g, 3*g + 26 = 2*i. Let h = a - g. List the prime factors of h.
7, 13
Let a(h) = h**2 + h. Let q(k) = -5*k**2 - 4*k + 6. Let g(w) = -4*a(w) - q(w). Let d be g(-3). What are the prime factors of (d/(-5))/(-3) + (-564)/(-30)?
19
Suppose 20*y = -7*y + 54351. Let c = -1329 + y. List the prime factors of c.
2, 3, 19
Suppose 123742 = 58*g - 48*g - 56258. What are the prime factors of g?
2, 3, 5
Let j = 11550 + -7909. What are the prime factors of j?
11, 331
Let j = -147904 - -210361. List the prime factors of j.
3, 109, 191
Suppose 0*m - 18*m = -0*m - 602658. What are the prime factors of m?
7, 4783
Let z(t) = 4445*t + 46. What are the prime factors of z(5)?
22271
Let c(r) = 1063*r**2 - 76*r + 297. List the prime factors of c(5).
2, 37, 179
Let m = -9227 + 14011. List the prime factors of m.
2, 13, 23
List the prime factors of 1 + (-38492)/(-5) + (-78)/195.
7699
Let g(y) be the first derivative of -11*y**2/2 + 111*y - 104. What are the prime factors of g(-22)?
353
Let z = -23 + 36. Suppose u - 93 = 4*c, -4*u + 372 = -16*c + z*c. What are the prime factors of u?
3, 31
Let z(s) = 5*s**2 + 17*s + 509. What are the prime factors of z(-28)?
59, 67
Let o(s) = -s**3 + 14*s**2 - 12*s - 10. Let u be o(13). What are the prime factors of ((-44)/33)/((-1)/u)?
2
Let k be 23300/15 + (-30)/9 + 4. Let g = -1013 + k. List the prime factors of g.
541
Suppose -12*g = -16*g + 208. Suppose g = 5*t - 38. Suppose 8*n - t = 7*n. List the prime factors of n.
2, 3
Let c be 1*-9*(-29)/1. Suppose 29*t - 31*t = 134. Let y = c + t. What are the prime factors of y?
2, 97
Let t = -4820 + 27934. List the prime factors of t.
2, 7, 13, 127
Suppose 191604 = 115*c - 265751. List the prime factors of c.
41, 97
Suppose -3*q + 2*q = q. Suppose 2*j - 5*x + 3*x - 6 = 0, q = 3*j + 2*x - 34. List the prime factors of 30*(28/j + -2).
3, 5
Let z(g) = 2*g**2 - 21*g + 6. Let y be z(10). Let j be 2/(-1) - -2 - (y + -1). List the prime factors of 285/(-6)*((-86)/10 + j).
3, 19
Suppose 11*f - 34 = 9*f. Suppose f*x - 22777 = -3006. List the prime factors of x.
1163
Let d(t) = -2*t**3 - 4*t**2 - 5*t - 6. Suppose -4 = -2*j - 8. Let q be d(j). Suppose u = -2*h + 192, h - 26 = -q*u + 63. List the prime factors of h.
97
Let r(a) = -23 + 8*a**3 + 2*a + 21 + 0*a. Suppose -13 = -z - 11. What are the prime factors of r(z)?
2, 3, 11
Let p(b) = -16*b + 15. Let t be p(1). What are the prime factors of 653 + 2/(2 + t)?
5, 131
Let w(m) = -6676*m + 3701. List the prime factors of w(-4).
3, 5, 2027
Suppose -5*x - 2804 + 444 = 0. Let p = -228 - x. What are the prime factors of p?
2, 61
Suppose m = -5*t + 16, 0*t + 3*t - 13 = -4*m. Suppose 0 = -3*w - 5*l + 1607, t*w - 5*l - 1597 = -0*w. List the prime factors of w.
2, 3, 89
Suppose -9*t - 4300 = -34*t. List the prime factors of t/6*(-8)/(192/(-684)).
19, 43
Let r(z) = -5*z**3 + 4*z**2 + 2*z - 20. Let n be r(-5). Suppose f = 6*f - n. List the prime factors of f.
139
Let v(t) = t**2 + 5*t + 15. Let q be v(-6). Suppose -2*h + 6 + 2 = f, -q = -3*f - 3*h. Suppose -85 - 1007 = -f*n. What are the prime factors of n?
2, 7, 13
Let g = 5708 + 33156. What are the prime factors of g?
2, 7, 347
Let l = 6959 + 6891. List the prime factors of l.
2, 5, 277
Suppose 79*x + 34324 = 2*q + 81*x, -q + 4*x + 17157 = 0. What are the prime factors of q?
131
Let s(v) = 53*v - 19. Let w = 79 - 72. Suppose -3*g = 5*r - 7, -w = 4*r - 3. What are the prime factors of s(g)?
193
Let a = 2838 - -24361. What are the prime factors of a?
59, 461
Suppose 42*o - 3*o = -7*o + 2172304. List the prime factors of o.
2, 5903
Let b = 29 + -25. Suppose b*w + 3*c = -534, -3*w - 2*c + 3*c - 394 = 0. Let l = w + 214. List the prime factors of l.
2, 41
Let o(t) be the second derivative of t**4/6 - 26*t**3/3 - 29*t**2 + 88*t. What are the prime factors of o(28)?
2, 3
Let b = 947 - -141. Suppose -3*k - h + 1019 = 355, 5*k - 3*h = b. What are the prime factors of k?
2, 5, 11
Suppose 64*x - 228054 = 1273514. What are the prime factors of x?
2, 11731
Suppose -2*p - 719 = 4*d + 3487, -4*d - 4203 = -p. Let z = d - -1587. List the prime factors of (-3)/((-2)/(z/12)).
67
Suppose 3*m - 12 = -3*c + 